4?
False
Is 2779358 a multiple of 1951?
False
Does 2554 divide 258680923?
False
Does 1500 divide 44682000?
True
Is 6275356032 a multiple of 583?
True
Is 21 a factor of 23204619?
False
Does 1208 divide 89757476?
False
Does 8 divide 13401304?
True
Does 145 divide 46949405?
True
Is 44 a factor of 797811116?
False
Is 24 a factor of 165714537?
False
Does 143 divide 10109714?
False
Is 108005174 a multiple of 226?
True
Is 14 a factor of 378917036?
False
Is 67338493 a multiple of 313?
False
Is 494300141 a multiple of 31?
False
Is 1934 a factor of 159243336?
False
Is 13832849 a multiple of 19?
False
Is 2738955 a multiple of 1401?
True
Is 764425653 a multiple of 1346?
False
Is 40 a factor of 133272880?
True
Is 120341273 a multiple of 3?
False
Is 85 a factor of 243403280?
True
Does 835 divide 6127230?
True
Does 90 divide 471897990?
True
Is 8584 a factor of 1228267392?
True
Does 33 divide 38374677?
True
Is 26 a factor of 42017890?
False
Does 383 divide 131435642?
True
Is 274829000 a multiple of 705?
False
Is 53853250 a multiple of 11?
True
Does 8 divide 51958252?
False
Does 354 divide 42731340?
True
Is 171 a factor of 6310926684?
True
Is 98 a factor of 1522664220?
True
Is 668400432 a multiple of 7664?
True
Does 85 divide 760516590?
True
Does 11 divide 4954202?
True
Is 44 a factor of 10700316?
True
Is 35 a factor of 346534090?
True
Is 276 a factor of 926919046?
False
Is 701652375 a multiple of 345?
True
Does 1367 divide 59177430?
True
Is 2574390192 a multiple of 583?
False
Is 6 a factor of 4579032?
True
Does 12 divide 367056?
True
Is 15 a factor of 36781962?
False
Is 367 a factor of 38175340?
True
Does 122 divide 21711434?
False
Does 226 divide 1004660852?
True
Does 70 divide 2926840?
True
Is 4653627 a multiple of 93?
True
Does 450 divide 180072000?
True
Does 5 divide 749762?
False
Is 31 a factor of 8798371?
False
Is 102051309 a multiple of 288?
False
Is 6292 a factor of 763571952?
True
Is 407604 even?
True
Is 11 a factor of 5265794?
False
Is 124979654 a multiple of 23?
True
Is 2394792612 a multiple of 9485?
False
Is 4304 a factor of 80050096?
True
Is 886149708 a multiple of 122?
False
Does 638 divide 1511037924?
True
Is 965 a factor of 1102507?
False
Does 3666 divide 370181255?
False
Is 3453 a factor of 684077283?
True
Is 8 a factor of 410376853?
False
Is 11 a factor of 26103937?
False
Does 837 divide 194280255?
True
Does 19 divide 83129617?
True
Is 19794970 a multiple of 97?
False
Is 1287 a factor of 714233138?
False
Is 306200265 a multiple of 295?
True
Is 45760028 a multiple of 1934?
False
Is 37197864 a multiple of 1608?
True
Does 70 divide 81561130?
True
Does 445 divide 21134060?
False
Is 26523494 a multiple of 687?
False
Does 579 divide 302470928?
False
Is 173396700 a multiple of 324?
True
Is 2157869 a multiple of 67?
True
Is 103 a factor of 190963533?
False
Is 1968048280 a multiple of 40?
True
Does 609 divide 239168307?
True
Is 620647584 a multiple of 2713?
True
Does 49 divide 548644961?
False
Is 266 a factor of 745069192?
True
Does 19 divide 640385579?
False
Is 960145986 a multiple of 21?
False
Is 1387140328 a multiple of 5972?
True
Is 61 a factor of 21445177?
False
Does 400 divide 112067000?
False
Is 713055904 a multiple of 176?
True
Is 216 a factor of 17937798?
False
Does 46 divide 1097714247?
False
Is 29 a factor of 666003438?
False
Does 640 divide 14851177?
False
Is 305641791 a multiple of 62?
False
Is 185 a factor of 7446065?
True
Is 95 a factor of 2968834524?
False
Is 55833680 a multiple of 140?
True
Does 12 divide 3403800?
True
Is 191505012 a multiple of 18?
False
Is 308 a factor of 629536908?
True
Is 2826106738 a multiple of 91?
True
Is 1890441448 a multiple of 67?
True
Is 51 a factor of 323532372?
True
Does 3 divide 68279331?
True
Is 35559526 a multiple of 5?
False
Is 4100 a factor of 135943700?
True
Is 21 a factor of 3525605013?
True
Is 5055703530 a multiple of 30?
True
Does 1176 divide 3816585696?
True
Does 3 divide 1294314?
True
Is 1959 a factor of 38656947?
True
Is 472 a factor of 338788856?
True
Is 1146 a factor of 50257830?
True
Is 35773039 a multiple of 498?
False
Is 843 a factor of 725902346?
False
Does 478 divide 1724584326?
True
Does 117 divide 961240019?
False
Does 1143 divide 228303963?
True
Is 930851636 a multiple of 908?
True
Does 2673 divide 77110704?
True
Is 301218665 a multiple of 2035?
True
Does 370 divide 2762159150?
True
Does 465 divide 8963805?
True
Is 101 a factor of 19253327?
True
Does 585 divide 172189485?
True
Is 385560900 a multiple of 11?
False
Is 30 a factor of 2597828340?
True
Is 75520530 a multiple of 6?
True
Does 16 divide 47914371?
False
Is 88358173 a multiple of 12?
False
Is 41925598 a multiple of 94?
True
Is 14 a factor of 50241128?
True
Is 33 a factor of 175152483?
True
Does 5 divide 62630022?
False
Is 739 a factor of 112076509?
False
Is 1019592376 a multiple of 583?
True
Is 412 a factor of 5217330?
False
Is 54576641 a multiple of 49?
True
Is 327433779 a multiple of 6?
False
Is 211 a factor of 32491468?
True
Is 5691346080 a multiple of 15?
True
Is 40 a factor of 15384360?
True
Is 19 a factor of 48758375?
False
Does 86 divide 74201488?
True
Is 36639373 a multiple of 222?
False
Does 11 divide 5441928?
False
Is 138 a factor of 315732860?
False
Is 27 a factor of 57530137?
False
Does 47 divide 1983609310?
False
Is 1087005274 a multiple of 985?
False
Is 753 a factor of 168742029?
True
Does 783 divide 213071526?
True
Is 852417935 a multiple of 141?
False
Does 59 divide 3734807?
False
Is 2382760236 a multiple of 1311?
False
Does 2092 divide 3607298?
False
Is 1403 a factor of 5259547?
False
Does 789 divide 77039796?
False
Is 1881 a factor of 779535306?
True
Does 17 divide 30941294?
False
Is 2043310755 a multiple of 28?
False
Is 69906000 a multiple of 955?
True
Is 3746827030 a multiple of 5678?
True
Is 1946624195 a multiple of 87?
False
Is 288567520 a multiple of 3951?
False
Does 546 divide 532930969?
False
Does 685 divide 3802645980?
True
Is 1991720 a multiple of 19?
False
Is 1431869015 a multiple of 27?
False
Is 2458944 a multiple of 2?
True
Does 3 divide 2216874?
True
Does 98 divide 69565078?
False
Does 2341 divide 71276427?
True
Is 313013351 a multiple of 11?
False
Does 40 divide 232501677?
False
Is 2407179 a multiple of 34?
False
Does 44 divide 732948040?
True
Is 216 a factor of 2555641620?
False
Does 88 divide 19950572?
False
Is 6 a factor of 4886322?
True
Is 1942 a factor of 48333415?
False
Is 15275340 a multiple of 304?
False
Does 3189 divide 54002526?
True
Does 1208 divide 162209538?
False
Does 8 divide 428475848?
True
Is 979966944 a multiple of 198?
True
Is 120 a factor of 794707200?
True
Is 15940320 a multiple of 440?
True
Is 37927872 a multiple of 9?
True
Does 362 divide 986335306?
False
Does 37 divide 28195147?
True
Does 14 divide 48055154?
True
Does 14 divide 8680822?
False
Is 856 a factor of 238714302?
False
Is 111605880 a multiple of 1112?
True
Is 1225032960 a multiple of 8416?
True
Is 516163276 a multiple of 4?
True
Is 815463712 a multiple of 7636?
True
Is 6108874 a multiple of 7?
False
Is 48359839 a multiple of 8?
False
Does 206 divide 81101942?
False
Is 22765347 a multiple of 9?
True
Does 3 divide 12354324?
True
Is 25 a factor of 233031925?
True
Is 21 a factor of 142579668?
True
Does 38 divide 837631302?
True
Is 67731216 a multiple of 84?
True
Is 996 a factor of 224603303?
False
Does 448 divide 2091302547?
False
Does 39 divide 81826212?
True
Is 963 a factor of 345837375?
True
Does 3838 divide 634410558?
False
Is 21907226 a multiple of 58?
False
Is 18 a factor of 109636956?
True
Does 139 divide 1143759522?
False
Is 27 a factor of 10363345?
False
Is 13249229 a multiple of 7?
True
Does 44 divide 36311968?
True
Does 3843 divide 129597013?
False
Is 36003668 a multiple of 673?
False
Is 19 a factor of 11043370?
True
Is 45332972 a multiple of 174?
False
Is 63895900 a multiple of 10?
True
Does 2531 divide 187539507?
True
Is 166 a factor of 9277242?
True
Is 5848 a factor of 243417152?
True
Does 25 divide 20162836?
False
Does 58 divide 32022786?
True
Is 90 a factor of 1088698950?
True
Does 4367 divide 242351032?
True
Is 11 a factor of 642164933?
False
Is 35198190 a multiple of 515?
True
Is 824961928 a multiple of 56?
True
Is 1316 a factor of 1476116770?
False
Is 353419258 a multiple of 1636?
False
Is 36